 f**2 + 4*f + 3. Give g(p).
-1
Let v(q) = q**2 + 3*q + 3. Let g(k) = -k**2 - 4*k - 4. Let w = 10 - 15. Let h(c) = w*v(c) - 4*g(c). Determine h(-1).
-1
Suppose 0 = 9*p - 6*p - 24. Suppose -4*m = 0, p*n = 3*n + 4*m - 5. Let y(w) be the first derivative of -w**4/4 + w**3/3 + w**2 + w + 4. Give y(n).
1
Suppose -u = -4*f - 28, 0 = -3*f + 4*u - 28 - 6. Let a(d) be the second derivative of -d**3/3 - 3*d**2/2 - 3*d. Give a(f).
9
Let k(t) = -t - 7*t**2 + 2*t - 4*t + 4*t. Give k(1).
-6
Let b(v) = -4*v + 2*v - 3*v**3 - 9 + 2*v**3 - 6*v**2. Let c(p) = p**3 - p**2 - p - 6. Let a be c(0). What is b(a)?
3
Let w(n) = -n**3 + 5*n**2 - 3*n. Suppose g + 5*c - 28 = -4, 4*g + 3*c = 28. What is w(g)?
4
Let n(b) = 7*b + 4. Let a = -27 + 21. Let f(z) = -z. Let y(i) = a*f(i) - n(i). Let p be (2/4)/((-2)/12). Calculate y(p).
-1
Let f(d) = -9 - 5*d**2 + 4*d**2 + 2. Suppose -3*t = -3*t - 3*t. Determine f(t).
-7
Let a(g) = -g**2 + 6*g + 5. Suppose -4*z - z + 23 = 2*w, -5*w - 5*z + 50 = 0. Determine a(w).
-22
Let f(u) = -u - 1. Let r(z) = 2*z - 14. Let j be r(5). What is f(j)?
3
Suppose -5*d = -2*g - 30, -2*g = -3*g - 3*d + 7. Let r(m) = m**3 + 4*m**2 - 6*m - 3. Determine r(g).
2
Let w(r) = -r + 19. Let i be w(15). Suppose b + 4*m = 2*b + 22, -i*b = 2*m - 2. Let y(k) = -k + 2 + k**2 + 3*k - 2*k**2. Give y(b).
-6
Let y = -35 + 39. Let u(c) = -c - 1. Let i be u(-6). Let g(a) = -2*a - a + i*a. What is g(y)?
8
Let o(w) = -2*w - 3. Let y(f) = -f. Let z(a) = o(a) - y(a). Let d be (1 + (2 - 2))*(1 - -2). Give z(d).
-6
Let c(p) = -p - 17. Let z be c(-15). Suppose 4 = 4*d - 8. Let n(b) = -3*b**2 + 3*b**2 + b - 2*b**2 - b**d - 1. Determine n(z).
-3
Let s(d) = -3*d**2 - d - 1. Let m(k) = 7*k**2 + 2*k + 2. Let j(c) = -2*m(c) - 5*s(c). Determine j(0).
1
Let i(g) = -12 + g**2 + 4 + 0*g - 9*g + 3*g. Give i(6).
-8
Let c(p) = -p**3 - 6*p**2 + 8*p + 4. Let h be c(-7). Let u(v) be the second derivative of -1/2*v**2 + 0 + 8*v + 5/6*v**3 + 1/12*v**4. What is u(h)?
-7
Suppose v + 6 = 4*w + 4*v, 0 = -w - 3*v + 6. Let m = w - -1. Let j(i) = -i**2 - i**3 - 1 + 5*i**3 + i - 9*i**3. Give j(m).
-6
Let q be (-1)/2*(-12)/2. Let c(s) = s**q - s - 5*s**2 + 5*s + 0*s**3. Let m be (-2 - (3 - 7)) + 2. What is c(m)?
0
Let a(i) be the second derivative of i**4/12 - 4*i**3/3 - 6*i**2 - 16*i. What is a(9)?
-3
Let y(s) = -s**3 - 6*s**2 - 5*s - 7. Suppose 10*o + 42 = 3*o. What is y(o)?
23
Let t(k) be the second derivative of 0 - 1/2*k**2 - 3*k - 5/24*k**4 + 0*k**3. Let m(c) be the first derivative of t(c). Determine m(1).
-5
Let j(r) = r - 186*r**2 + 2 + r**3 - 4 + 187*r**2. Calculate j(2).
12
Let d = 1 - 1. Suppose 2*b + d*c = -2*c + 2, 5*c + 25 = 0. Let f(h) = -h**2 + 7*h - 3. What is f(b)?
3
Let x(f) be the second derivative of f**5/60 + 5*f**4/24 + 7*f**3/6 + f**2/2 + 2*f. Let d(o) be the first derivative of x(o). Let z = -13 - -8. Calculate d(z).
7
Let x(s) = -s + 1. Let v(f) = -2 + 4*f + 1 - 4*f + f**2 - 3*f. Let g be v(2). Determine x(g).
4
Let f be 2/(-8) + 38/(-8). Let m(t) = 1 - 2*t - 2*t + t**2 - 3*t**2 + 8*t. Let h(z) = -3*z**2 + 8*z + 2. Let w(b) = -3*h(b) + 5*m(b). Give w(f).
-6
Let k(p) = p**2 - 1. Let o(f) = -4*f**2 + f + 2. Let a(y) = -k(y) - o(y). What is a(2)?
9
Suppose -i - 3*q = 2*q + 4, -5*q = -i + 16. Let m(r) = -r - 8. Calculate m(i).
-14
Let f(r) = r**3 - 5*r**2 - 8*r - 3. Let d(x) = x**3 - 5*x**2 - 8*x - 3. Let k(l) = -5*d(l) + 4*f(l). Give k(6).
15
Let t(b) be the first derivative of b**3/3 + 2*b**2 + b + 8. Determine t(-4).
1
Let i(w) = w + 1. Let v be i(0). Let c(m) be the second derivative of -m**3/6 + m**2 + 5*m. What is c(v)?
1
Let k(l) be the first derivative of l**3/3 + 3*l**2/2 + 2*l + 2. What is k(-2)?
0
Let f be (8/5)/(2/5). Let y(n) = -n**3 + 7*n**2 + n + 3. Let c(w) = w**3 - 8*w**2 - w - 3. Let b(o) = 3*c(o) + 4*y(o). What is b(f)?
7
Suppose -10 = -2*f - 5*t, 2*f + 3*t - 4 = t. Let a be 2 - (f - 1 - 0). Let q(s) = 3*s - 3*s - a - 1 + 2*s. Determine q(3).
2
Let p(j) = -j**3 + 8*j**2 - 7*j + 6. Suppose -42 = 11*d - 17*d. Give p(d).
6
Let g be 3/(0 + 2 + -1). Let r(b) be the first derivative of b**2/2 + b - 4. Give r(g).
4
Let m(u) = -3*u**3 - 2*u**2 + 2*u. Let p = 1 + 0. Let c(i) = i**3 - i**2 + i + 1. Let s(n) = p*m(n) + 2*c(n). Let q be ((-9)/((-36)/(-40)))/2. Give s(q).
7
Let u(a) = a**2 + 6 - 2*a - 4 + 4 + 0. Calculate u(4).
14
Let i(r) = -13*r + 15*r + 4*r**3 - 3*r**3 - 5*r**2 - 2*r**3 + 3. Determine i(-5).
-7
Let c(a) = 3*a**2 - 6*a**2 + 5*a + 2*a**2 + 2. Let j(w) = -w**3 + 5*w**2 - 3*w. Let k = -4 - -8. Let g be j(k). Determine c(g).
6
Let b(d) = -5*d**2 + 2*d - 6. Let u(x) = -x**2 + x - 1. Let c(m) = -b(m) + 4*u(m). Let t = 9 + -12. What is c(t)?
5
Suppose -15 = -3*g + v + 2*v, 27 = 3*g + 3*v. Let c(l) = -6*l + g - 4 - 3. What is c(2)?
-12
Let g(w) = w**2 + 3*w + 3. Suppose -3*f - 6 = -0*f. Calculate g(f).
1
Let w be (-4)/6 - (-16)/6. Let r(n) be the second derivative of -1/6*n**3 + n + 0 + 4*n**w. Give r(4).
4
Suppose 2 = -2*r + 2*h, -4*r = h - 3*h - 4. Let g(i) = -7*i + r*i - 5*i**2 - i**3 + 0*i - 1. Determine g(-4).
-1
Let g(i) = -5*i + 2. Let a(n) = 4*n - 3. Let f(t) = 3*a(t) + 2*g(t). Suppose -s = 4*s - 15. Suppose l = -x - 3 + 10, 0 = 3*l - 3*x - s. Calculate f(l).
3
Let h(j) be the third derivative of -j**6/120 - j**5/15 + j**4/12 + j**3/6 - 4*j**2. Give h(-4).
-7
Let c(s) = s**3 - 2*s**2 - 2*s + 1. Suppose -36*b + 3 = -35*b. Calculate c(b).
4
Let w(n) = n - 13. Suppose -3*y = -5*y + 12. Determine w(y).
-7
Let i(k) = -k**2 + 3*k - 2. Let c be (-2)/(-4) - 6/(-4). What is i(c)?
0
Let k = -1 - -6. Suppose o - k*o + 8 = 0. Let n(f) be the second derivative of f**5/10 - f**4/3 + f**3/6 + f**2 + f. What is n(o)?
4
Suppose v + 2 = 3*v. Let o(a) = a + v - 2*a + 3 + 3. What is o(3)?
4
Suppose 0 = -5*f + 29 + 1. Let b(i) = 6*i + 4*i - 8*i + f. Give b(-6).
-6
Let n(x) = -x**2 - 4*x. Let s(t) = t**3 - 4*t**2 + 3*t - 1. Let o be s(3). Let z be ((-1)/((-2)/4))/o. Calculate n(z).
4
Suppose -4*j + 8 = -4*w - j, -2*w + 4*j = 14. Let l(v) = 8*v**2 - v. Give l(w).
7
Let k be (-5 + -1)/(3/(-2)). Let b(x) be the third derivative of -x**5/60 + x**4/4 - x**3 - 25*x**2. Give b(k).
2
Suppose 4 - 16 = 3*x. Let k be (9 - 0)*x/6. Let t(m) = m + 6. Calculate t(k).
0
Suppose g + 1 = 2. Let p(x) = 8*x**3 + 3*x**2 - 3*x + 3. Suppose -2*h + 12 = h. Let f(y) = 17*y**3 + 7*y**2 - 7*y + 7. Let u(a) = h*f(a) - 9*p(a). Give u(g).
-3
Let g(l) = -12*l**3 + l + 1. Suppose 16 = -t - 4*q - 1, 0 = -5*t - 4*q - 21. Determine g(t).
12
Let l(h) = h**2 + 3*h + 2. Let g be l(-4). Suppose 11 = -4*w + 6*w - u, u = w - g. Let z(s) = -s**2 + 5*s + 0 + 0. What is z(w)?
0
Let z(b) = 3*b**3 + 2*b**2 - 4*b - 6. Suppose -10*x - 4 = -8*x. Let l(g) = -10*g**3 - 6*g**2 + 12*g + 19. Let y(p) = x*l(p) - 7*z(p). Give y(-3).
1
Let y(p) be the first derivative of -p**3/3 + p**2/2 - p - 30. Give y(0).
-1
Let q(o) = -o**3 - 3*o**2 + 2*o + 1. Let c = 5 + -4. Let g be -3 - -1 - (c + -1). Give q(g).
-7
Let u(c) = c**3 - 5*c**2 - 4*c - 9. Let k be u(6). Suppose w = 4*w + k. Let l(o) = 8*o**2 + o. Determine l(w).
7
Let b(q) be the third derivative of q**6/120 + 2*q**5/15 - q**3/6 + q**2. What is b(-8)?
-1
Let o(k) = k**3 - 3*k**2 - 7*k + 5. Let q = -6 + 10. Calculate o(q).
-7
Let i(n) = n - 3. Let c be (2 + 7)*2/(-6). Let t be (-3)/(1 + 2)*c. Give i(t).
0
Let o(q) = 2*q - 7. Let y be o(6). Suppose x - 2*x = 2*u + 3, 4*x = y*u + 14. Let z(l) = 7*l. Give z(x).
7
Let b(d) = d**2 + 3. Let l be b(0). Suppose -1 = -x - s - 4*s, 2*x + 5*s - 2 = 0. Let h(y) = -2*y + x + 5 - 4 + 0. Calculate h(l).
-4
Let i(s) = s**3 - 4*s**2 + s + 4. Suppose -5*o + 15 + 5 = 0. Calculate i(o).
8
Let g(s) = 2*s - 8*s - 7*s**2 + s**3 - 1 - 10. Determine g(8).
5
Suppose -16 + 4 = -3*p. Let v(b) be the first derivative of b**3/3 - b**2 - b - 11. Calculate v(p).
7
Let f be (-120)/(-54) - (-4)/(-18). Let l(i) = -2*i**3 + 15*i**2 - 13*i - 2. Let y(a) = a**3 - 7*a**2 + 6*a + 1. Let j(d) = f*l(d) + 5*y(d). Calculate j(3).
-5
Suppose -5*l = -j + 3*j - 67, 61 = 3*l - 4*j. Let o = l + -45. Let y be (1/2)/(3/o). Let d(i) = -i**2 - 7*i - 3. Calculate d(y).
7
Let r(c) = -24*c + 5*c**2 + 14*c - 9 + 9*c. Let y(h) = 2*h**2 - 3. Let k(m) = -3*r(m) + 8*y(m). Calculate k(-3).
3
Let u(g) = g**3 - 8*g**2 + 4*g + 15. Let o be u(7). Let r(t) = -4*t - 8. What is r(o)?
16
Let c(p) 